{"id":156,"date":"2023-04-11T17:07:36","date_gmt":"2023-04-11T16:07:36","guid":{"rendered":"https:\/\/ambniamey.esteri.it\/chi-siamo\/"},"modified":"2023-09-25T11:26:01","modified_gmt":"2023-09-25T10:26:01","slug":"chi-siamo","status":"publish","type":"page","link":"https:\/\/ambniamey.esteri.it\/fr\/chi-siamo\/","title":{"rendered":"Qui nous sommes"},"content":{"rendered":"<p>L&rsquo;Ambassade d&rsquo;Italie en R\u00e9publique du Niger a \u00e9t\u00e9 cr\u00e9\u00e9e par d\u00e9cret pr\u00e9sidentiel du 14\/10\/2016 (prenant effet le\u00a01er f\u00e9vrier 2017), dans le cadre du r\u00e9\u00e9quilibrage de la pr\u00e9sence italienne en Afrique et a \u00e9t\u00e9 inaugur\u00e9e en janvier 2018 avec la visite de l&rsquo;ancien Ministre des Affaires \u00e9trang\u00e8res et de la Coop\u00e9ration internationale, Hon. Angelino Alfano.<\/p>\n","protected":false},"excerpt":{"rendered":"L&rsquo;Ambassade d&rsquo;Italie en R\u00e9publique du Niger a \u00e9t\u00e9 cr\u00e9\u00e9e par d\u00e9cret pr\u00e9sidentiel du 14\/10\/2016 (prenant effet le\u00a01er f\u00e9vrier 2017), dans le cadre du r\u00e9\u00e9quilibrage de la pr\u00e9sence italienne en Afrique et a \u00e9t\u00e9 inaugur\u00e9e en janvier 2018 avec la visite de l&rsquo;ancien Ministre des Affaires \u00e9trang\u00e8res et de la Coop\u00e9ration internationale, Hon. Angelino Alfano.","protected":false},"author":1,"featured_media":0,"parent":0,"menu_order":2,"comment_status":"closed","ping_status":"closed","template":"","meta":{"footnotes":""},"class_list":["post-156","page","type-page","status-publish","hentry"],"_links":{"self":[{"href":"https:\/\/ambniamey.esteri.it\/fr\/wp-json\/wp\/v2\/pages\/156","targetHints":{"allow":["GET"]}}],"collection":[{"href":"https:\/\/ambniamey.esteri.it\/fr\/wp-json\/wp\/v2\/pages"}],"about":[{"href":"https:\/\/ambniamey.esteri.it\/fr\/wp-json\/wp\/v2\/types\/page"}],"author":[{"embeddable":true,"href":"https:\/\/ambniamey.esteri.it\/fr\/wp-json\/wp\/v2\/users\/1"}],"replies":[{"embeddable":true,"href":"https:\/\/ambniamey.esteri.it\/fr\/wp-json\/wp\/v2\/comments?post=156"}],"version-history":[{"count":3,"href":"https:\/\/ambniamey.esteri.it\/fr\/wp-json\/wp\/v2\/pages\/156\/revisions"}],"predecessor-version":[{"id":341,"href":"https:\/\/ambniamey.esteri.it\/fr\/wp-json\/wp\/v2\/pages\/156\/revisions\/341"}],"wp:attachment":[{"href":"https:\/\/ambniamey.esteri.it\/fr\/wp-json\/wp\/v2\/media?parent=156"}],"curies":[{"name":"wp","href":"https:\/\/api.w.org\/{rel}","templated":true}]}}

<p>L&rsquo;Ambassade d&rsquo;Italie en République du Niger a été créée par décret présidentiel du 14/10/2016 (prenant effet le 1er février 2017), dans le cadre du rééquilibrage de la présence italienne en Afrique et a été inaugurée en janvier 2018 avec la visite de l&rsquo;ancien Ministre des Affaires étrangères et de la Coopération internationale, Hon. Angelino Alfano.</p>

L&rsquo;Ambassade d&rsquo;Italie en République du Niger a été créée par décret présidentiel du 14/10/2016 (prenant effet le 1er février 2017), dans le cadre du rééquilibrage de la présence italienne en Afrique et a été inaugurée en janvier 2018 avec la visite de l&rsquo;ancien Ministre des Affaires étrangères et de la Coopération internationale, Hon. Angelino Alfano.
